oes 8 divide 184?
True
Is 25871 a multiple of 46?
False
Does 59 divide 583?
False
Does 5 divide 38170?
True
Does 6 divide 5802?
True
Is 62212 a multiple of 151?
True
Does 9 divide 9480?
False
Does 14 divide 6519?
False
Is 42 a factor of 714?
True
Is 3395 a multiple of 9?
False
Is 18 a factor of 125?
False
Is 1289 a multiple of 15?
False
Is 93710 a multiple of 18?
False
Is 7 a factor of 25444?
False
Is 21 a factor of 3045?
True
Is 10 a factor of 250?
True
Does 14 divide 1550?
False
Is 200 a factor of 12200?
True
Is 49 a factor of 52740?
False
Does 31 divide 403?
True
Is 48 a factor of 5376?
True
Is 8 a factor of 312?
True
Is 8 a multiple of 4?
True
Does 41 divide 67896?
True
Is 8374 a multiple of 10?
False
Does 74 divide 2624?
False
Does 137 divide 98393?
False
Is 18 a factor of 33714?
True
Is 21 a factor of 4641?
True
Does 7 divide 4570?
False
Is 56 a factor of 1904?
True
Does 14 divide 238?
True
Does 137 divide 7630?
False
Is 61 a factor of 10315?
False
Does 29 divide 95?
False
Is 2556 a multiple of 36?
True
Is 75 a factor of 1203?
False
Does 64 divide 26752?
True
Does 5 divide 22?
False
Is 21 a factor of 21?
True
Is 68 a factor of 58888?
True
Does 109 divide 24501?
False
Does 17 divide 2635?
True
Is 10459 a multiple of 17?
False
Is 15 a factor of 1950?
True
Is 10 a multiple of 8?
False
Is 23 a factor of 47?
False
Is 30371 a multiple of 105?
False
Is 10 a factor of 50890?
True
Is 1638 a multiple of 21?
True
Is 20 a factor of 800?
True
Is 3888 a multiple of 108?
True
Is 601 a multiple of 62?
False
Is 118 a multiple of 63?
False
Is 7 a factor of 653?
False
Does 7 divide 2079?
True
Is 53 a factor of 423?
False
Is 20 a factor of 6720?
True
Is 12 a factor of 14?
False
Is 57105 a multiple of 243?
True
Does 67 divide 22579?
True
Does 10 divide 72?
False
Does 9 divide 882?
True
Is 3480 a multiple of 57?
False
Does 34 divide 45935?
False
Is 10092 a multiple of 87?
True
Is 35931 a multiple of 7?
True
Does 14 divide 23828?
True
Is 1239 a multiple of 7?
True
Is 72 a factor of 288?
True
Is 137 a factor of 10790?
False
Is 4095 a multiple of 15?
True
Does 130 divide 12361?
False
Is 65 a multiple of 65?
True
Is 3 a factor of 5184?
True
Is 16 a factor of 16576?
True
Does 75 divide 9750?
True
Is 45 a multiple of 15?
True
Does 14 divide 196?
True
Does 6 divide 18?
True
Is 14804 a multiple of 75?
False
Is 1336 a multiple of 10?
False
Is 702 a multiple of 21?
False
Does 10 divide 59410?
True
Is 1760 a multiple of 20?
True
Is 81 a factor of 14050?
False
Is 600 a multiple of 12?
True
Is 5736 a multiple of 21?
False
Is 10 a factor of 41980?
True
Does 226 divide 62385?
False
Is 4 a factor of 2425?
False
Does 16 divide 54?
False
Is 6073 a multiple of 160?
False
Is 11902 a multiple of 10?
False
Does 41 divide 328?
True
Does 58 divide 90094?
False
Is 9 a factor of 218?
False
Does 45 divide 394?
False
Is 125 a factor of 984?
False
Is 247 even?
False
Is 27 a factor of 32481?
True
Is 108 a factor of 756?
True
Does 7 divide 1330?
True
Is 5390 a multiple of 22?
True
Is 59 a factor of 2674?
False
Does 128 divide 24448?
True
Is 106 a multiple of 43?
False
Is 90 a factor of 116403?
False
Is 2860 a multiple of 32?
False
Is 15 a factor of 19138?
False
Is 37819 a multiple of 13?
False
Is 1242 a multiple of 17?
False
Is 24 a factor of 117?
False
Is 165 a factor of 100815?
True
Does 38 divide 2002?
False
Does 24 divide 6600?
True
Is 108 a factor of 91476?
True
Does 34 divide 112053?
False
Is 944 a multiple of 59?
True
Does 21 divide 36?
False
Does 20 divide 50380?
True
Is 10 a factor of 170?
True
Does 131 divide 10218?
True
Does 82 divide 1144?
False
Is 7 a factor of 96?
False
Is 8 a factor of 848?
True
Is 136 a factor of 607?
False
Does 95 divide 3800?
True
Does 98 divide 12038?
False
Is 8 a factor of 15016?
True
Is 175 a multiple of 25?
True
Does 5 divide 2197?
False
Is 120 a factor of 54840?
True
Is 224 a factor of 2749?
False
Is 213 a factor of 3819?
False
Is 1906 a multiple of 38?
False
Is 291 a multiple of 3?
True
Is 135 a factor of 13500?
True
Is 52 a factor of 261?
False
Does 8 divide 4344?
True
Is 64 a factor of 4928?
True
Is 21 a factor of 7610?
False
Is 40024 a multiple of 202?
False
Does 5 divide 45?
True
Is 32 a factor of 64?
True
Does 62 divide 5458?
False
Is 27 a factor of 756?
True
Is 13303 a multiple of 18?
False
Is 69 a factor of 40296?
True
Is 1989 a multiple of 46?
False
Does 6 divide 130?
False
Does 25 divide 150?
True
Is 8 a factor of 303?
False
Is 616 a multiple of 11?
True
Is 3939 a multiple of 101?
True
Is 47 a factor of 21697?
False
Is 5 a factor of 26?
False
Does 49 divide 2248?
False
Is 7982 a multiple of 26?
True
Does 46 divide 2898?
True
Is 8684 a multiple of 13?
True
Is 20 a factor of 6705?
False
Is 341 a multiple of 55?
False
Is 1436 a multiple of 21?
False
Is 7 a factor of 15138?
False
Is 415 a multiple of 17?
False
Does 17 divide 48021?
False
Is 3 a factor of 105?
True
Does 44 divide 8492?
True
Does 80 divide 9537?
False
Does 15 divide 1348?
False
Is 29 a factor of 25577?
False
Is 1428 a multiple of 4?
True
Is 3931 a multiple of 7?
False
Does 15 divide 165?
True
Is 112 a factor of 224?
True
Is 2935 a multiple of 92?
False
Is 33 a factor of 5610?
True
Is 1620 a multiple of 270?
True
Does 16 divide 1099?
False
Does 59 divide 7667?
False
Is 23490 a multiple of 90?
True
Is 667 a multiple of 23?
True
Is 61 a factor of 252?
False
Is 1121 a multiple of 10?
False
Is 29 a factor of 1560?
False
Does 62 divide 20212?
True
Does 13 divide 8619?
True
Is 133 a multiple of 7?
True
Does 3 divide 27?
True
Is 112 a multiple of 11?
False
Does 17 divide 6310?
False
Does 12 divide 862?
False
Does 15 divide 2331?
False
Is 11 a factor of 10410?
False
Does 22 divide 10604?
True
Does 7 divide 1498?
True
Is 63 a factor of 315?
True
Is 56 a factor of 323?
False
Is 12 a factor of 545?
False
Is 17640 a multiple of 105?
True
Does 6 divide 1482?
True
Is 1122 a multiple of 34?
True
Is 53 a factor of 8675?
False
Is 179 a factor of 12888?
True
Is 56 a factor of 868?
False
Is 58 a factor of 2610?
True
Is 4 a factor of 2052?
True
Does 2 divide 1898?
True
Is 108 even?
True
Is 1568 a multiple of 16?
True
Is 13 a factor of 667?
False
Does 19 divide 1976?
True
Is 30 a factor of 16541?
False
Does 17 divide 1649?
True
Is 42 a factor of 607?
False
Is 16 a multiple of 3?
False
Is 2044 a multiple of 18?
False
Is 63 a factor of 819?
True
Is 12 a factor of 4008?
True
Is 903 a multiple of 43?
True
Is 14 a factor of 984?
False
Does 113 divide 720?
False
Is 165 a multiple of 55?
True
Does 49 divide 3012?
False
Is 2677 a multiple of 9?
False
Is 2 a factor of 6681?
False
Is 3226 a multiple of 35?
False
Is 2 a factor of 1277?
False
Does 390 divide 412?
False
Is 19 a factor of 15277?
False
Is 9300 a multiple of 50?
True
Is 10787 a multiple of 161?
True
Is 22862 a multiple of 2?
True
Does 145 divide 15915?
False
Is 16 a factor of 4192?
True
Is 1110 a multiple of 37?
True
Is 14364 a multiple of 42?
True
Is 11 a factor of 1969?
True
Is 1992 a multiple of 83?
True
Is 1385 a multiple of 3?
False
Does 6 divide 185?
False
Does 9 divide 6299?
False
Does 11 divide 804?
False
Is 8845 a multiple of 5?
True
Does 8 divide 14704?
True
Is 27 a factor of 7533?
True
Is 172 a factor of 61726?
False
Is 9896 a multiple of 5?
False
Is 39536 a multiple of 170?
False
Is 3162 a multiple of 17?
True
Is 6220 a multiple of 13?
False
Is 140 a factor of 9520?
True
Is 282 a multiple of 6?
True
Does 176 divide 10214?
False
Is 10 a factor of 28224?
False
Does 2 divide 37?
False
Is 23901 a multiple of 8?
False
Is 24 a factor of 1608?
True
Is 3066 a multiple of 7?
True
Does 13 divide 1491?
False
Does 25 divide 7325?
True
Is 82 a factor of 10005?
False
Is 78 a multiple of 13?
True
Does 103 divide 40067?
True
Is 98 a factor of 3113?
False
Is 446 a multiple of 43?
False
Is 8622 a multiple of 20?
False
Does 61 divide 53991?
False
Does 71 divide 32222?
False
Does 88 divide 88880?
True
Is 39 a factor of 930?
False
Is 5 a factor of 3542?
False
Does 7 divide 3680?
False
Is 98 a factor of 3234?
True
Does 10 divide 1168?
False
Does 2 divide 300?
True
Does 89 divide 10682?
False
Is 432 a multiple of 27?
True
Is 523 a multiple of 4?
False
Is 200 a factor of 16130?
False
Is 8 a factor of 792?
True
Does 43 divide 7841?
False
Is 9080 a multiple o